{"id":44,"date":"2024-04-12T10:54:17","date_gmt":"2024-04-12T08:54:17","guid":{"rendered":"https:\/\/leader-ardeche.fr\/?page_id=44"},"modified":"2026-02-12T12:54:51","modified_gmt":"2026-02-12T11:54:51","slug":"appels-a-projets","status":"publish","type":"page","link":"https:\/\/leader-ardeche.fr\/?page_id=44","title":{"rendered":"Appels \u00e0 projets"},"content":{"rendered":"\n<h2 class=\"wp-block-heading has-text-align-center\"><strong><mark style=\"background-color:#fcb900\" class=\"has-inline-color has-vivid-purple-color\">Liens vers les AAP<\/mark><\/strong><\/h2>\n\n\n\n<div class=\"wp-block-group alignwide is-nowrap is-layout-flex wp-container-core-group-is-layout-ad2f72ca wp-block-group-is-layout-flex\">\n<div class=\"wp-block-button is-style-fill\"><a class=\"wp-block-button__link wp-element-button\" href=\"https:\/\/leader-ardeche.fr\/wp-content\/uploads\/2026\/01\/2026.01.12_FA1-AaP-centralite.pdf\">AAP centralit\u00e9<\/a><\/div>\n\n\n\n<div class=\"wp-block-group is-nowrap is-layout-flex wp-container-core-group-is-layout-ad2f72ca wp-block-group-is-layout-flex\">\n<div class=\"wp-block-group is-nowrap is-layout-flex wp-container-core-group-is-layout-ad2f72ca wp-block-group-is-layout-flex\">\n<div class=\"wp-block-group\"><div class=\"wp-block-group__inner-container is-layout-constrained wp-block-group-is-layout-constrained\">\n<div class=\"wp-block-buttons alignfull is-content-justification-center is-layout-flex wp-container-core-buttons-is-layout-062f0008 wp-block-buttons-is-layout-flex\">\n<div class=\"wp-block-button is-style-fill\"><a class=\"wp-block-button__link wp-element-button\" href=\"https:\/\/leader-ardeche.fr\/wp-content\/uploads\/2026\/02\/2026.01.30-FA2-AAP2_Tourisme-Durable.pdf\">AAP tourisme<\/a><\/div>\n\n\n\n<div class=\"wp-block-button is-style-fill\"><a class=\"wp-block-button__link wp-element-button\" href=\"https:\/\/leader-ardeche.fr\/wp-content\/uploads\/2026\/01\/2026.01.12_FA3-AaP-culture-2026.pdf\">AAP culture<\/a><\/div>\n\n\n\n<div class=\"wp-block-button is-style-fill\"><a class=\"wp-block-button__link wp-element-button\" href=\"https:\/\/leader-ardeche.fr\/wp-content\/uploads\/2026\/01\/2025.12.19-FA4-AAP4_Developper-des-projets-de-cooperation.pdf\">AAP Coop\u00e9ration<\/a><\/div>\n<\/div>\n<\/div><\/div>\n\n\n\n<div class=\"wp-block-buttons is-layout-flex wp-block-buttons-is-layout-flex\">\n<div class=\"wp-block-button\"><a class=\"wp-block-button__link has-text-align-center wp-element-button\" href=\"https:\/\/leader-ardeche.fr\/wp-content\/uploads\/2026\/02\/2026.01.30_FA3-AaP-eco-prox.pdf\">AAP \u00e9conomie de proximit\u00e9<\/a><\/div>\n<\/div>\n<\/div>\n<\/div>\n<\/div>\n\n\n\n<div style=\"height:43px\" aria-hidden=\"true\" class=\"wp-block-spacer\"><\/div>\n\n\n\n<h2 class=\"wp-block-heading has-text-align-center\"><mark style=\"background-color:#ff6900\" class=\"has-inline-color has-black-color\">Descriptifs des AAP<\/mark><\/h2>\n\n\n\n<h2 class=\"wp-block-heading has-text-align-center\"><mark style=\"background-color:rgba(0, 0, 0, 0)\" class=\"has-inline-color has-vivid-cyan-blue-color\">AAP1 &#8211; Redynamiser les communes via des d\u00e9marches participatives : logements collectifs innovants, concertation nouvelles formes urbaines, \u00e9co mobilit\u00e9<\/mark><\/h2>\n\n\n\n<p class=\"has-text-align-center\">(ouvert jusqu&rsquo;au 31\/03\/2027)<\/p>\n\n\n\n<p class=\"has-text-align-left\">A travers l\u2019appel \u00e0 projets \u00ab&nbsp;<strong>Redynamiser les communes via des d\u00e9marches participatives&nbsp;: logements collectifs innovants, concertation nouvelles formes urbaines, \u00e9co mobilit\u00e9<\/strong> \u00bb, l\u2019objectif est de&nbsp;:<\/p>\n\n\n\n<ul class=\"wp-block-list\">\n<li>Accompagner et aider le d\u00e9veloppement de nouvelles formes urbaines et nouvelles formes d\u2019habitat en veillant \u00e0 la pr\u00e9servation de l\u2019environnement et l\u2019adaptation aux changements climatiques (gestion de l\u2019eau, gestion des d\u00e9chets,&nbsp;\u2026),<\/li>\n\n\n\n<li>Accompagner des d\u00e9marches participatives en faveur d\u2019un urbanisme durable en encourageant la participation des habitants aux projets de requalification ou d\u2019am\u00e9nagement de centres-bourgs visant \u00e0 d\u00e9velopper la dynamique des centralit\u00e9s,<\/li>\n\n\n\n<li>Revitaliser les villages par des lieux d\u2019habitat attractif, collectif et accessible \u00e0 tous,<\/li>\n\n\n\n<li>Encourager les d\u00e9placements sans voiture et l\u2019\u00e9co-mobilit\u00e9,<\/li>\n\n\n\n<li>Impulser de nouvelles pratiques de mobilit\u00e9 au quotidien et une mobilit\u00e9 alternative (covoiturage, autopartage, v\u00e9lo, p\u00e9dibus\u2026),<\/li>\n\n\n\n<li>Renforcer le maillage entre centralit\u00e9 et p\u00e9riph\u00e9rie,<\/li>\n\n\n\n<li>Exp\u00e9rimenter des actions p\u00e9dagogiques en lien avec la pr\u00e9servation de l\u2019environnement pour faciliter le changement de comportements en mati\u00e8re d\u2019urbanisme et de pr\u00e9servation des paysages,<\/li>\n\n\n\n<li>Favoriser la mont\u00e9e en comp\u00e9tence des acteurs en accompagnant les \u00e9lus, les habitants, les jeunes et les acteurs priv\u00e9s \u00e0 changer de comportement dans la mani\u00e8re d\u2019am\u00e9nager et d\u2019habiter le territoire.<\/li>\n<\/ul>\n\n\n\n<p>Cet appel \u00e0 projets vise donc \u00e0 soutenir des actions de :<\/p>\n\n\n\n<ul class=\"wp-block-list\">\n<li>Cr\u00e9ation et d\u00e9veloppement de <strong>nouvelles formes d&rsquo;habitat pour des logements collectifs innovants<\/strong><\/li>\n\n\n\n<li><strong>D\u00e9marches participatives<\/strong> visant \u00e0 d\u00e9velopper de nouvelles formes urbaines concert\u00e9es et\/ou visant \u00e0 favoriser l&rsquo;int\u00e9gration et l&rsquo;implication des jeunes et des habitants<\/li>\n\n\n\n<li>Mise en place de<strong> mobilit\u00e9s durables<\/strong><\/li>\n\n\n\n<li><strong>Mont\u00e9e en comp\u00e9tence des acteurs du territoire<\/strong>&nbsp;: d\u00e9velopper des actions d\u00e9monstratives et p\u00e9dagogiques en direction des \u00e9lus, habitants et acteurs priv\u00e9s pour faciliter le changement de comportements en mati\u00e8re d&rsquo;urbanisme et de pr\u00e9servation des paysages<\/li>\n<\/ul>\n\n\n\n<div data-wp-interactive=\"core\/file\" class=\"wp-block-file\"><object data-wp-bind--hidden=\"!state.hasPdfPreview\" hidden class=\"wp-block-file__embed\" data=\"https:\/\/leader-ardeche.fr\/wp-content\/uploads\/2026\/01\/2026.01.12_FA1-AaP-centralite.pdf\" type=\"application\/pdf\" style=\"width:100%;height:600px\" aria-label=\"Contenu embarqu\u00e9 2026.01.12_FA1 A\u00e0P centralit\u00e9.\"><\/object><a id=\"wp-block-file--media-8475cadd-78ef-4805-a9e5-107da08effcb\" href=\"https:\/\/leader-ardeche.fr\/wp-content\/uploads\/2026\/01\/2026.01.12_FA1-AaP-centralite.pdf\">2026.01.12_FA1 A\u00e0P centralit\u00e9<\/a><a href=\"https:\/\/leader-ardeche.fr\/wp-content\/uploads\/2026\/01\/2026.01.12_FA1-AaP-centralite.pdf\" class=\"wp-block-file__button wp-element-button\" download aria-describedby=\"wp-block-file--media-8475cadd-78ef-4805-a9e5-107da08effcb\">T\u00e9l\u00e9charger<\/a><\/div>\n\n\n\n<h2 class=\"wp-block-heading has-text-align-center\"><mark style=\"background-color:rgba(0, 0, 0, 0)\" class=\"has-inline-color has-pale-pink-color\">AAP2 &#8211; Tourisme durable : fili\u00e8res touristiques, changement de pratique, attractivit\u00e9 des m\u00e9tiers<\/mark><\/h2>\n\n\n\n<p class=\"has-text-align-center\">(ouvert jusqu&rsquo;au 31\/03\/2027)<\/p>\n\n\n\n<p>A travers l\u2019appel \u00e0 projets \u00ab Tourisme Durable : fili\u00e8res touristiques, changement de pratique, attractivit\u00e9 des m\u00e9tiers touristiques \u00bb, l\u2019objectif est de :<\/p>\n\n\n\n<ul class=\"wp-block-list\">\n<li>D\u00e9velopper une offre touristique alternative qui s\u2019appuie sur les ressources locales durables et les renforcent<\/li>\n\n\n\n<li>Structurer les sp\u00e9cificit\u00e9s\/identit\u00e9s propres aux territoires pour d\u00e9velopper leur visibilit\u00e9 \u00e0 plus grande \u00e9chelle<\/li>\n\n\n\n<li>Renforcer les r\u00e9seaux d\u2019acteurs touristiques sur l\u2019ensemble du territoire<\/li>\n\n\n\n<li>Accompagner les changements de pratiques et comportements touristiques<\/li>\n\n\n\n<li>Accompagner et encourager le slow tourisme, le tourisme de proximit\u00e9, le d\u00e9veloppement et la promotion de fili\u00e8res touristiques sp\u00e9cifiques au territoire<\/li>\n\n\n\n<li>Accompagner les professionnels du tourisme dans leur d\u00e9marche face aux changements climatiques et aux enjeux du slow tourisme et de l\u2019\u00e9cotourisme<\/li>\n\n\n\n<li>Rendre attractif les emplois touristiques ou saisonniers<\/li>\n<\/ul>\n\n\n\n<p>Cet appel \u00e0 projets vise donc \u00e0 soutenir les actions de :<\/p>\n\n\n\n<ul class=\"wp-block-list\">\n<li><strong>Valorisation des fili\u00e8res touristique<\/strong>s via des actions collectives et innovantes<\/li>\n\n\n\n<li>Accompagnement des professionnels du tourisme et des touristes dans leur <strong>changement de pratiques <\/strong>pour un tourisme responsable (transition \u00e9cologique)<\/li>\n\n\n\n<li>Attractivit\u00e9 des<strong> m\u00e9tiers touristiques<\/strong> via des actions mutualis\u00e9es<\/li>\n<\/ul>\n\n\n\n<div data-wp-interactive=\"core\/file\" class=\"wp-block-file\"><object data-wp-bind--hidden=\"!state.hasPdfPreview\" hidden class=\"wp-block-file__embed\" data=\"https:\/\/leader-ardeche.fr\/wp-content\/uploads\/2026\/02\/2026.01.30-FA2-AAP2_Tourisme-Durable.pdf\" type=\"application\/pdf\" style=\"width:100%;height:600px\" aria-label=\"Contenu embarqu\u00e9 2026.01.30 FA2 AAP2_Tourisme Durable.\"><\/object><a id=\"wp-block-file--media-73c65261-b468-46b1-a472-a28fbe15484b\" href=\"https:\/\/leader-ardeche.fr\/wp-content\/uploads\/2026\/02\/2026.01.30-FA2-AAP2_Tourisme-Durable.pdf\">2026.01.30 FA2 AAP2_Tourisme Durable<\/a><a href=\"https:\/\/leader-ardeche.fr\/wp-content\/uploads\/2026\/02\/2026.01.30-FA2-AAP2_Tourisme-Durable.pdf\" class=\"wp-block-file__button wp-element-button\" download aria-describedby=\"wp-block-file--media-73c65261-b468-46b1-a472-a28fbe15484b\">T\u00e9l\u00e9charger<\/a><\/div>\n\n\n\n<h2 class=\"wp-block-heading has-text-align-center\"><mark style=\"background-color:rgba(0, 0, 0, 0)\" class=\"has-inline-color has-luminous-vivid-orange-color\">AAP3.1-4 &#8211; Cr\u00e9ation et maintien d&rsquo;activit\u00e9s : lieux mutualis\u00e9s, services de proximit\u00e9, fili\u00e8res, transition \u00e9cologique et \u00e9nerg\u00e9tique<\/mark><\/h2>\n\n\n\n<p class=\"has-text-align-center\">(ouvert jusqu&rsquo;au 31\/03\/2027)<\/p>\n\n\n\n<p>A travers l\u2019appel \u00e0 projets \u00ab cr\u00e9ation et maintien d\u2019activit\u00e9s : lieux mutualis\u00e9s, services de proximit\u00e9, fili\u00e8res, transition \u00e9cologique et \u00e9nerg\u00e9tique \u00bb, l\u2019objectif est de :<\/p>\n\n\n\n<ul class=\"wp-block-list\">\n<li>Cr\u00e9er du lien entre les acteurs et les accompagner pour mutualiser les services, pour favoriser les circuits courts<\/li>\n\n\n\n<li>Favoriser l&rsquo;\u00e9mergence de nouveaux mod\u00e8les \u00e9conomiques<\/li>\n\n\n\n<li>Valoriser les exp\u00e9rimentations,<\/li>\n\n\n\n<li>Contribuer \u00e0 la cr\u00e9ation et \/ou au maintien d&rsquo;activit\u00e9 et\/ou d&#8217;emploi<\/li>\n\n\n\n<li>Compl\u00e9ter l\u2019offre commerciale, artisanale et de services sur le territoire<\/li>\n\n\n\n<li>Sensibiliser, renforcer, structurer et valoriser les fili\u00e8res embl\u00e9matiques en soutenant l eur \u00e9mergence et leur maintien<\/li>\n\n\n\n<li>Accompagner les collectivit\u00e9s les habitants les acteurs de l\u2019 Economie Sociale Solidaire , les acteurs de l\u2019 Education \u00e0 l\u2019Environnement et au D\u00e9veloppement Durable aux changements de pratiques (transition \u00e9cologique et \u00e9nerg\u00e9tique).<\/li>\n<\/ul>\n\n\n\n<p>Cet appel \u00e0 projets vise donc \u00e0 soutenir les actions de :<\/p>\n\n\n\n<ul class=\"wp-block-list\">\n<li>Emergence, d\u00e9veloppement et maintien de <strong>nouveaux mod\u00e8les \u00e9conomiques ou dynamiques socio-professionnelles<\/strong> sur le territoire<\/li>\n\n\n\n<li>Installation de <strong>nouveaux professionnels et maintien de services de proximit\u00e9<\/strong><\/li>\n\n\n\n<li>Valorisation des <strong>fili\u00e8res embl\u00e9matiques et des ressources locales<\/strong><\/li>\n\n\n\n<li>Valorisation et d\u00e9veloppement des projets sp\u00e9cifiques portant sur la <strong>transition \u00e9cologique et \u00e9nerg\u00e9tique<\/strong><\/li>\n<\/ul>\n\n\n\n<div data-wp-interactive=\"core\/file\" class=\"wp-block-file\"><object data-wp-bind--hidden=\"!state.hasPdfPreview\" hidden class=\"wp-block-file__embed\" data=\"https:\/\/leader-ardeche.fr\/wp-content\/uploads\/2026\/02\/2026.01.30_FA3-AaP-eco-prox.pdf\" type=\"application\/pdf\" style=\"width:100%;height:600px\" aria-label=\"Contenu embarqu\u00e9 2026.01.30_FA3 A\u00e0P \u00e9co prox.\"><\/object><a id=\"wp-block-file--media-a84f0faf-bef3-4c68-a53f-2d93f68dd86c\" href=\"https:\/\/leader-ardeche.fr\/wp-content\/uploads\/2026\/02\/2026.01.30_FA3-AaP-eco-prox.pdf\">2026.01.30_FA3 A\u00e0P \u00e9co prox<\/a><a href=\"https:\/\/leader-ardeche.fr\/wp-content\/uploads\/2026\/02\/2026.01.30_FA3-AaP-eco-prox.pdf\" class=\"wp-block-file__button wp-element-button\" download aria-describedby=\"wp-block-file--media-a84f0faf-bef3-4c68-a53f-2d93f68dd86c\">T\u00e9l\u00e9charger<\/a><\/div>\n\n\n\n<h2 class=\"wp-block-heading has-text-align-center\"><mark style=\"background-color:rgba(0, 0, 0, 0)\" class=\"has-inline-color has-vivid-green-cyan-color\">AAP3.5 &#8211; Soutien aux actions culturelles<\/mark><\/h2>\n\n\n\n<p class=\"has-text-align-center\">(ouvert jusqu&rsquo;au 28\/04\/2026)<\/p>\n\n\n\n<p class=\"has-text-align-left\">A travers l\u2019appel \u00e0 projet \u00ab&nbsp;soutien aux actions culturelles&nbsp;\u00bb, l\u2019objectif est de&nbsp;:<\/p>\n\n\n\n<ul class=\"wp-block-list\">\n<li>Favoriser la dynamique des acteurs culturels du milieu rural,<\/li>\n\n\n\n<li>S\u2019appuyer sur la culture comme levier d\u2018attractivit\u00e9 et de cr\u00e9ation de lien,<\/li>\n\n\n\n<li>Permettre d\u2019\u00e9largir l\u2019offre culturelle du territoire en mettant en valeur de nouvelles disciplines ou des sujets \u00e9mergents interdisciplinaires,<\/li>\n\n\n\n<li>Mettre en place et\/ou renforcer l\u2019itin\u00e9rance des projets pour aller au plus pr\u00e8s des habitants,<\/li>\n\n\n\n<li>Favoriser la participation de tous les habitants \u00e0 tous les \u00e2ges de la vie en veillant \u00e0 inclure la jeunesse,<\/li>\n\n\n\n<li>Veiller \u00e0 une r\u00e9partition g\u00e9ographique des actions et \u00e9v\u00e9nements culturels et irriguer les territoires ruraux.<\/li>\n<\/ul>\n\n\n\n<p>Dans le cadre de la programmation et de la m\u00e9diation culturelle cet engagement du GAL Ard\u00e8che passe par le soutien \u00e0 <strong>d<\/strong><strong>es actions d\u2019animation, de communication, de sensibilisation, de cr\u00e9ation et de diffusion <\/strong><strong>culturelles <\/strong>visant \u00e0 soutenir&nbsp;:<\/p>\n\n\n\n<ul class=\"wp-block-list\">\n<li>Les <strong>\u00e9v\u00e8nements itin\u00e9rants dans au moins 4 communes<\/strong>&nbsp;dont au moins 2 de moins de 3 000 habitants,<\/li>\n\n\n\n<li>Les <strong>\u00e9v\u00e9nements hors-les-murs dans une commune de moins de 3 000 habitants<\/strong> autre que la commune du si\u00e8ge social de la structure.<\/li>\n<\/ul>\n\n\n\n<div data-wp-interactive=\"core\/file\" class=\"wp-block-file\"><object data-wp-bind--hidden=\"!state.hasPdfPreview\" hidden class=\"wp-block-file__embed\" data=\"https:\/\/leader-ardeche.fr\/wp-content\/uploads\/2026\/01\/2026.01.12_FA3-AaP-culture-2026.pdf\" type=\"application\/pdf\" style=\"width:100%;height:600px\" aria-label=\"Contenu embarqu\u00e9 2026.01.12_FA3 A\u00e0P culture 2026.\"><\/object><a id=\"wp-block-file--media-82f8f03d-3698-4d32-86dd-c9415148a8ec\" href=\"https:\/\/leader-ardeche.fr\/wp-content\/uploads\/2026\/01\/2026.01.12_FA3-AaP-culture-2026.pdf\">2026.01.12_FA3 A\u00e0P culture 2026<\/a><a href=\"https:\/\/leader-ardeche.fr\/wp-content\/uploads\/2026\/01\/2026.01.12_FA3-AaP-culture-2026.pdf\" class=\"wp-block-file__button wp-element-button\" download aria-describedby=\"wp-block-file--media-82f8f03d-3698-4d32-86dd-c9415148a8ec\">T\u00e9l\u00e9charger<\/a><\/div>\n\n\n\n<h2 class=\"wp-block-heading has-text-align-center\"><mark style=\"background-color:rgba(0, 0, 0, 0)\" class=\"has-inline-color has-vivid-purple-color\">AAP4 &#8211; D\u00e9velopper des projets de coop\u00e9ration <\/mark><\/h2>\n\n\n\n<p class=\"has-text-align-center\">(ouvert jusqu&rsquo;au 31\/12\/2027)<\/p>\n\n\n\n<p>A travers l&rsquo;appel \u00e0 projets \u00ab\u00a0D\u00e9velopper des projets de coop\u00e9ration\u00a0\u00bb, l&rsquo;objectif est de :<\/p>\n\n\n\n<ul class=\"wp-block-list\">\n<li>Soutenir la strat\u00e9gie de d\u00e9veloppement local,<\/li>\n\n\n\n<li>Impulser de nouveaux partenariats entre acteurs et territoires,<\/li>\n\n\n\n<li>Favoriser l\u2019\u00e9mergence de projets interterritoriaux,<\/li>\n\n\n\n<li>Partager les comp\u00e9tences et les exp\u00e9riences pour accroitre le caract\u00e8re innovant des actions men\u00e9es par le GAL.<\/li>\n<\/ul>\n\n\n\n<p>Cet appel \u00e0 projets vise donc \u00e0 soutenir les actions de : <\/p>\n\n\n\n<ul class=\"wp-block-list\">\n<li>Pr\u00e9paration visant \u00e0 <strong>explorer une piste de coop\u00e9ration<\/strong> en lien avec la strat\u00e9gie du GAL,<\/li>\n\n\n\n<li><strong>Mise en \u0153uvre d\u2019activit\u00e9s de coop\u00e9ration<\/strong> en lien avec la strat\u00e9gie du GAL.<\/li>\n<\/ul>\n\n\n\n<div data-wp-interactive=\"core\/file\" class=\"wp-block-file\"><object data-wp-bind--hidden=\"!state.hasPdfPreview\" hidden class=\"wp-block-file__embed\" data=\"https:\/\/leader-ardeche.fr\/wp-content\/uploads\/2026\/01\/2025.12.19-FA4-AAP4_Developper-des-projets-de-cooperation.pdf\" type=\"application\/pdf\" style=\"width:100%;height:600px\" aria-label=\"Contenu embarqu\u00e9 2025.12.19 FA4 AAP4_D\u00e9velopper des projets de coop\u00e9ration.\"><\/object><a id=\"wp-block-file--media-2bc4026a-7f4a-4413-bbcb-38c6735f6da2\" href=\"https:\/\/leader-ardeche.fr\/wp-content\/uploads\/2026\/01\/2025.12.19-FA4-AAP4_Developper-des-projets-de-cooperation.pdf\">2025.12.19 FA4 AAP4_D\u00e9velopper des projets de coop\u00e9ration<\/a><a href=\"https:\/\/leader-ardeche.fr\/wp-content\/uploads\/2026\/01\/2025.12.19-FA4-AAP4_Developper-des-projets-de-cooperation.pdf\" class=\"wp-block-file__button wp-element-button\" download aria-describedby=\"wp-block-file--media-2bc4026a-7f4a-4413-bbcb-38c6735f6da2\">T\u00e9l\u00e9charger<\/a><\/div>\n","protected":false},"excerpt":{"rendered":"<p>Liens vers les AAP Descriptifs des AAP AAP1 &#8211; Redynamiser les communes via des d\u00e9marches participatives : logements collectifs innovants, concertation nouvelles formes urbaines, \u00e9co mobilit\u00e9 (ouvert jusqu&rsquo;au 31\/03\/2027) A travers l\u2019appel \u00e0 projets \u00ab&nbsp;Redynamiser les communes via des d\u00e9marches participatives&nbsp;: logements collectifs innovants, concertation nouvelles formes urbaines, \u00e9co mobilit\u00e9 \u00bb, l\u2019objectif est de&nbsp;: Cet [&hellip;]<\/p>\n","protected":false},"author":2,"featured_media":0,"parent":0,"menu_order":0,"comment_status":"closed","ping_status":"closed","template":"","meta":{"footnotes":""},"class_list":["post-44","page","type-page","status-publish","hentry"],"_links":{"self":[{"href":"https:\/\/leader-ardeche.fr\/index.php?rest_route=\/wp\/v2\/pages\/44","targetHints":{"allow":["GET"]}}],"collection":[{"href":"https:\/\/leader-ardeche.fr\/index.php?rest_route=\/wp\/v2\/pages"}],"about":[{"href":"https:\/\/leader-ardeche.fr\/index.php?rest_route=\/wp\/v2\/types\/page"}],"author":[{"embeddable":true,"href":"https:\/\/leader-ardeche.fr\/index.php?rest_route=\/wp\/v2\/users\/2"}],"replies":[{"embeddable":true,"href":"https:\/\/leader-ardeche.fr\/index.php?rest_route=%2Fwp%2Fv2%2Fcomments&post=44"}],"version-history":[{"count":35,"href":"https:\/\/leader-ardeche.fr\/index.php?rest_route=\/wp\/v2\/pages\/44\/revisions"}],"predecessor-version":[{"id":424,"href":"https:\/\/leader-ardeche.fr\/index.php?rest_route=\/wp\/v2\/pages\/44\/revisions\/424"}],"wp:attachment":[{"href":"https:\/\/leader-ardeche.fr\/index.php?rest_route=%2Fwp%2Fv2%2Fmedia&parent=44"}],"curies":[{"name":"wp","href":"https:\/\/api.w.org\/{rel}","templated":true}]}}